 + 77 + 4 = -k, 0 = 5*t + 4*k - 126. Let i(w) be the first derivative of w**4/4 - 6*w**3 - w**2/2 + 24*w - 3. Give i(t).
6
Let v(u) = -11*u - 8*u**2 - 189 + 179 + 9*u**2. Calculate v(12).
2
Let y(m) = 7*m - 4. Let j(s) = 31*s - 134. Let i be j(5). Suppose -i*t = -19*t - 6. Calculate y(t).
17
Let c(i) = 35*i**2 + 9*i + 12. Let o(h) = 122*h**2 + 27*h + 37. Let f(g) = -14*c(g) + 4*o(g). Give f(-8).
-4
Suppose -39*n + 210 = -34*n. Let t be (-22)/(-8) - (-1)/4. Let l(d) = 4 + 44*d - n*d - t - 7*d**2. What is l(-1)?
-8
Suppose l + 3 = -5*f, -l = -3*f - 6 + 1. Let q(d) = -4*d**2 - 48 - 4*d**2 - 8 + 62 - 5. Determine q(l).
-31
Let r(a) be the second derivative of 7*a**3/6 - 13*a**2/2 + 489*a. What is r(-13)?
-104
Let p(n) = n**2 + 14*n + 14. Let d be p(-13). Let g(a) = 21*a**2 + 6. Let f(b) = -4*b**2 - b + 1. Let k(m) = d*g(m) + 5*f(m). Give k(6).
17
Let k(u) = -u**3 - 10*u**2 - 16*u + 8. Let r be ((-32)/3)/2*(-222)/(-148). Calculate k(r).
8
Let i(x) = -x**3 + 7*x**2 - 3*x + 16. Suppose -3*g = g + g. Suppose g = 3*m + 2*f - 23, 2*m + 36 = 7*m + f. Determine i(m).
-5
Let m(k) = -15*k - 43. Let t(j) = 5*j + 17. Let l(o) = -3*m(o) - 8*t(o). Give l(7).
28
Let y(v) = 4*v + 3*v**2 - 6*v**3 - 159 - 8*v**3 + 30*v**3 - 12*v**3 + 157. What is y(-2)?
-30
Let k(d) = 2*d**2 - 28*d + 48. Suppose 60*b + 240 = 80*b. Give k(b).
0
Let t(z) = z - 2. Let i = -3352 - -3355. Calculate t(i).
1
Let l = 178 - 167. Let s(k) = -7*k**3 - 5*k**2 + 10*k + 9. Let g(r) = 13*r**3 + 10*r**2 - 19*r - 17. Let z(b) = l*s(b) + 6*g(b). What is z(-6)?
-15
Let n = -65 - -91. Suppose l + 0 = -3*b - 6, -5*l - b = -n. Let p(z) be the second derivative of z**3/6 - z**2 + 13*z. Give p(l).
4
Let h = -84 + 94. Let l(v) = -2 - 10*v - h*v + 18*v. Determine l(2).
-6
Let r be 2/(-1)*(-12)/6. Let i(h) be the first derivative of -4/3*h**3 + 1/4*h**4 + h**2 - 48 + 0*h. Determine i(r).
8
Let w(l) be the third derivative of -168*l**2 - 7/24*l**4 + 0 + 0*l - 1/3*l**3. What is w(-4)?
26
Let i(j) be the third derivative of -j**6/120 - j**5/30 - j**4/24 + j**3 - 63*j**2 - 2*j - 9. What is i(-4)?
42
Let k(u) be the first derivative of 2*u**3/3 - 6*u**2 + 4*u + 1519. Calculate k(7).
18
Let p(w) = -w**2 + 7*w - 14. Let z(t) = t**3 - 12*t**2 + 27*t + 5. Let a be z(9). Calculate p(a).
-4
Suppose 0 = 4*i + 5*w - 3*w + 48, -27 = 5*i - 3*w. Let t(u) be the first derivative of -u**3/3 - 5*u**2 - 5*u - 25. Give t(i).
4
Let j = -143 - -148. Suppose -j*w + 4*s = 0, 0 = -6*w + 4*w - s. Let i(v) be the third derivative of -v**5/60 - v**4/24 - v**3/6 - 9*v**2. Calculate i(w).
-1
Suppose v - 2*l - 542 = 3*v, -4*l - 1354 = 5*v. Let z = 274 + v. Let t(d) = d - 1. Let k(p) = -p**2 + 9*p - 5. Let w(o) = -k(o) + 6*t(o). Calculate w(z).
3
Let g(a) = 2*a. Suppose 4*c = 3*u - 348, -4*c - 2*u + 197 = 565. Let k = 97 + c. Suppose -3*p = -p - 3*f + k, f + 15 = 5*p. Calculate g(p).
8
Let f(h) = -6*h + 4. Let o(p) = p + 9. Let z be o(-9). Let g be f(z). Let b(i) = i + 4. What is b(g)?
8
Let u(k) = k**2 + 5*k - 7. Let h(p) = p**2 - 15*p + 28. Let j be h(13). Suppose 0 = 3*w - 6, j = -i + 4*i - 2*w. What is u(i)?
7
Let i(n) = -3*n - 3. Let t be i(1). Let g(a) = -10*a**3 + a**2 - 10*a - 10. Let m be g(-1). Let s(l) = m*l - 5 + 6*l - 28*l + 10*l. Determine s(t).
1
Let l(w) = 3*w**3 - 4*w**2 + 8*w - 52. Let a(g) = -g**3 + 3*g**2 - 3*g + 16. Let v(b) = 7*a(b) + 2*l(b). Determine v(13).
-57
Let m(u) = u - 4. Let w = 98 + -101. Let x be 10/(-15)*1*w. What is m(x)?
-2
Let k(r) = -4*r**2 + 49*r - 20. Let n be (-3 - 14/(-4))*10. Suppose n*v - 10 = -55. Let b(w) = -w**2 + 12*w - 5. Let i(q) = v*b(q) + 2*k(q). Determine i(7).
-16
Let p(k) = -k - 1670. Let h(u) = 239. Let s(w) = -7*h(w) - p(w). Let b(d) = d**2 - 2*d + 3. Let m be b(3). Determine s(m).
3
Let h(j) be the second derivative of j**4/12 + 17*j**3/6 + 7*j**2/2 + 177*j. Let s(t) = -2*t**2 - 32*t - 14. Let l(z) = 5*h(z) + 3*s(z). What is l(-10)?
3
Suppose -3*a + 2 = i, -4*a = -2*a - 4*i + 8. Let u be (-2)/((-16)/(-4 + a))*-6. Suppose 51*s = 52*s - u. Let h(l) = -l**2 - l + 2. What is h(s)?
-10
Let s(o) = -6*o + 13. Let a be ((13/26)/((-1)/(-28)))/(-2). What is s(a)?
55
Suppose -19*x - 21*x = 0. Suppose -6*b - 24 = -x*b. Let w(l) = l**2 + 0*l - 2*l + 6*l - 5. Determine w(b).
-5
Let t(f) = -34*f**3 - 22*f**2 - 46*f - 32. Let i(d) = -45*d**3 - 23*d**2 - 45*d - 32. Let x(o) = 3*i(o) - 4*t(o). Determine x(-16).
16
Let x = -231 - -233. Let q(r) = -r + 8 + 1 - x. Let l be 6 - ((-2 - -3) + 0). What is q(l)?
2
Let f(q) be the third derivative of 7*q**6/30 + q**5/60 + q**4/24 - q**3/6 - q**2. Let u be ((-70)/4 - -17)*-2. Calculate f(u).
29
Let o = -388 + 382. Let z(y) = -6*y**2 - 33*y + 6. Let u be z(o). Let s(d) = 2*d + 4. Give s(u).
-20
Let k(f) = -f**3 - 2*f + 5. Let c(g) = -5*g**2 - 5*g - 11. Let a(m) = -c(m) + k(m). Determine a(6).
-2
Let g(x) be the first derivative of x**3/3 - 3*x**2 + 3*x + 4. Suppose 134*v - 34 = 132*v. Let w = 22 - v. Calculate g(w).
-2
Let g = -21532 - -21528. Let m(s) = -s**2 - 93*s - 356. Give m(g).
0
Let c be (-896)/(-14) + 5*-1. Let l(q) = -3*q + q**2 - c + 18 + 29. Calculate l(6).
6
Suppose -3*b + 15 = -12. Let g(t) = 7*t**3 - 20*t**2 + 30*t + 21. Let z(p) = 3*p**3 - 10*p**2 + 14*p + 10. Let l(k) = 2*g(k) - 5*z(k). Calculate l(b).
-17
Let c(l) = -l**2 - l + 3. Let h be 1 + ((-7)/1 - -3) - -80. Let g = 85 - h. Let r be (6 + -6 - g)*2/4. What is c(r)?
-9
Let a be ((-120)/(-100))/((-2)/(-55)) + -1. Let b be (a/4)/((-2 + 0)*1). Let u(g) = g**2 - 3*g + 4. Give u(b).
32
Let b(d) be the third derivative of d**6/180 + d**5/40 + 3*d**4/8 + 5*d**2. Let x(r) be the second derivative of b(r). Let c be (0 - 1)/(23/46). Calculate x(c).
-5
Let i(o) = -o**3 + 5*o**2 + 8*o - 4. Let t be 36/(-9)*((-3)/2 + 1). Suppose -17 = -3*s + t*r + 3, 2*s + 2*r = 10. Calculate i(s).
8
Let o(m) be the second derivative of -m**4/12 - m**3/2 - m**2 + 4306*m - 1. Let q = 1 - 2. Give o(q).
0
Let h(o) = -3*o**3 + o**2 + 2*o + 2. Let x(g) = -2354*g + 16480. Let l be x(7). Give h(l).
-14
Let s(d) = -d**3 + 5*d**2 + 4*d - 5. Let l(w) = 14 - w - 13 + 3*w + 6*w**2. Let m be l(-1). Suppose 4*z - 27 = -3*r, 0 = -4*z + z + m*r + 13. Determine s(z).
-17
Let n(s) be the third derivative of s**5/10 + 9*s**4/8 - 7*s**3/3 + 59*s**2. Let m(h) = 4*h**2 + 18*h - 9. Let u(f) = -8*m(f) + 5*n(f). Determine u(-4).
6
Let p be 1/3 - (-2)/(-6). Suppose 4*n - n + b + 21 = p, -4*b = -12. Let k(z) = 2*z + 16. Let r(o) = 1. Let v(t) = -k(t) + 10*r(t). Give v(n).
10
Let t be (8*37 - 0)/((-2)/3). Let r = t + 449. Let z(h) = -h**2 + 7*h - 4. Calculate z(r).
6
Let w(d) be the third derivative of d**6/120 + 3*d**5/20 + d**4/6 - 5*d**3/6 + 6732*d**2. Give w(-7).
65
Let f(t) = -13712 - 10*t - 2*t + 13720. Determine f(2).
-16
Suppose 477*p - 448 = 445*p. Let q(x) be the first derivative of -x**3/3 + 7*x**2 - 2*x - 1. Determine q(p).
-2
Suppose -49 = -z + 2*q, 0*q - 5*q + 169 = 3*z. Suppose 5*j + z = 93. Suppose -j + 23 = 3*d. Let i(l) = -l**2 + 4*l - 6. Calculate i(d).
-11
Suppose h - 12 = -3*s, -3 = 3*s - 3*h - h. Let x(z) = -2*z**2 + z**3 - s*z**2 - 3*z**2 - 7 + z**2. Determine x(6).
-43
Let b(t) = t**3 - 20*t**2 + 7*t - 140. Let l(o) = -o**3 + 14*o**2 + 21*o - 2. Let v be l(-2). Determine b(v).
0
Let g = -106 - 54. Let f = 156 + g. Let x(s) = s**3 + 3*s**2 - 6*s - 1. Calculate x(f).
7
Let o(g) = -8*g**2 - 8*g - 3. Let z(l) = 5*l**2 + 10*l + 3. Let k(x) = -4*o(x) - 5*z(x). Determine k(3).
6
Let v(g) = g**3 + 7*g**2 + 6*g + 6. Let j = 391 - 558. Let k = -173 - j. Calculate v(k).
6
Let q(r) = 2*r**2 + 3*r - 2. Let g be (-1)/(3/(-30)*2). Suppose 2*s + 6 = 3*y - s, 0 = g*y + 2*s + 25. Give q(y).
7
Let z(b) = b**2 + 16*b + 61. Let k be z(-6). Let o(w) = -w + 13. Let x(m) = 2. Let c(l) = k*o(l) - 5*x(l). Let p = 7 - 5. Give c(p).
1
Let x(t) be the third derivative of -t**5/15 + t**3/6 + t**2. Suppose 4*m + 4*z = -172, 0*m + m - 4*z + 68 = 0. Let f be (-32)/m*9/(-6). Give x(f).
-3
Let c(s) = s**3 + 5*s**2 - 21*s - 14. Let q(n) = 18*n**2 - 394*n - 52. Let g be q(22). Give c(g).
-38
Let s(d) = -3*d**3 - d + 1. Let z(a) = 17*a**3 + 6*a**2 + 18. Let m(q) = -6*s(q) - z(q). Calculate m(6).
12
Let b(o) be the first derivative of 11*o**4/4 + o**3 - 4*o + 7953. Determine b(-2).
-80
Let j(c) be the first derivative of 4*c**3 - c + 24. Let w be 112/18 - 